 base 2, what is -101010011 - -10?
-101010001
In base 2, what is 110 + 1001?
1111
In base 8, what is -3 - 45?
-50
In base 10, what is 10 - 642?
-632
In base 12, what is -3 + 38?
35
In base 3, what is -2210 + 0?
-2210
In base 4, what is -120 - 1203?
-1323
In base 16, what is 45 + -3?
42
In base 9, what is -2 + -27?
-30
In base 15, what is 6b6 + 3?
6b9
In base 12, what is 1 - -33?
34
In base 13, what is 22 - 12?
10
In base 8, what is -744 + 3?
-741
In base 4, what is 2 - 11?
-3
In base 5, what is 3 - 2420?
-2412
In base 3, what is 120 - 201?
-11
In base 7, what is 1 + -100?
-66
In base 8, what is 10 - -154?
164
In base 11, what is -4 + 999?
995
In base 14, what is -bd - -3b?
-82
In base 15, what is 9 - -3c0?
3c9
In base 13, what is -7 - -2?
-5
In base 11, what is 6 - 41a?
-414
In base 8, what is 40 + 1314?
1354
In base 12, what is -9 + -10a6?
-10b3
In base 6, what is 13131 - -5?
13140
In base 14, what is -248 + 37?
-211
In base 7, what is 4 + 5?
12
In base 10, what is 0 + 22?
22
In base 16, what is -7e98 + -2?
-7e9a
In base 15, what is ae - -5?
b4
In base 11, what is -50 + -2?
-52
In base 5, what is 214 + 12?
231
In base 2, what is 0 + -111000110111?
-111000110111
In base 7, what is -10 + -664?
-1004
In base 11, what is 3 - -215?
218
In base 16, what is -105 + 17?
-ee
In base 16, what is 3 + be9?
bec
In base 10, what is 2 - 1866?
-1864
In base 6, what is -22312 - 5?
-22321
In base 3, what is 1 - -1001?
1002
In base 5, what is -130 + 4?
-121
In base 8, what is -3 - 40?
-43
In base 13, what is -1 - -650?
64c
In base 6, what is -11 - 555?
-1010
In base 10, what is -2 + 11?
9
In base 15, what is -6 - -3?
-3
In base 12, what is -2 - -23bb?
23b9
In base 10, what is -193 - 12?
-205
In base 12, what is 697a - -1?
697b
In base 13, what is 0 + -8?
-8
In base 4, what is 2 - -3222?
3230
In base 9, what is 26 + 26?
53
In base 6, what is -44 + -3?
-51
In base 12, what is -74 + 4?
-70
In base 5, what is 13 + -4?
4
In base 9, what is -6 + 6?
0
In base 16, what is 16 + -7?
f
In base 6, what is -3 + -325?
-332
In base 4, what is 13 - -111?
130
In base 5, what is -40 + 23?
-12
In base 6, what is 410 - -3?
413
In base 3, what is 101 - 21012?
-20211
In base 5, what is 2 - -144?
201
In base 2, what is 1110 + 10110011?
11000001
In base 7, what is -4 - -101?
64
In base 4, what is -132 + 221?
23
In base 14, what is -27 - -c4?
9b
In base 15, what is -34 + 6b?
37
In base 5, what is 11232 + 10?
11242
In base 12, what is 291 + -1?
290
In base 8, what is 467 + -1?
466
In base 7, what is 130 + -1?
126
In base 2, what is -111 - -1000100?
111101
In base 14, what is -10c - 19?
-127
In base 11, what is -15 + 0?
-15
In base 12, what is -642 - -17?
-627
In base 5, what is -4 - -434?
430
In base 9, what is -3 - -744?
741
In base 5, what is 1214 + -110?
1104
In base 15, what is 1 + 197?
198
In base 13, what is 48 - 5?
43
In base 5, what is 4 + -3444?
-3440
In base 7, what is 26 - 54?
-25
In base 4, what is 2131 - 2?
2123
In base 10, what is -59 + 4?
-55
In base 4, what is 12332 - 120?
12212
In base 12, what is 0 + 1423?
1423
In base 9, what is 10 - -4161?
4171
In base 11, what is -1255 + -4?
-1259
In base 7, what is -5060 + 3?
-5054
In base 10, what is 3 + 218?
221
In base 13, what is 24a - -1?
24b
In base 14, what is 994 + 5?
999
In base 11, what is -618 - 2?
-61a
In base 10, what is 37 + -5?
32
In base 11, what is 2 + 272?
274
In base 12, what is -8 + 9?
1
In base 8, what is 0 - 1305?
-1305
In base 10, what is -845 - 0?
-845
In base 6, what is -11320 + 1?
-11315
In base 6, what is -42 - 2351?
-2433
In base 10, what is -133 - 4?
-137
In base 4, what is -3 - -330021?
330012
In base 3, what is -120 + 10?
-110
In base 14, what is -82 - -3?
-7d
In base 6, what is -110 - 2?
-112
In base 14, what is -3 + c4?
c1
In base 12, what is -7 + -7?
-12
In base 8, what is -322 - -4?
-316
In base 7, what is 2 - -55?
60
In base 2, what is -1110 + 111011?
101101
In base 8, what is 1335 + -2?
1333
In base 10, what is 5 - 44?
-39
In base 5, what is 0 + 402?
402
In base 7, what is 11325 - 4?
11321
In base 6, what is 0 - 553?
-553
In base 6, what is 14 - 241?
-223
In base 4, what is 23 - -221?
310
In base 5, what is 34410 - 3?
34402
In base 2, what is 0 + -1010100?
-1010100
In base 3, what is -21 + 1212?
1121
In base 14, what is -1 - -1c30?
1c2d
In base 12, what is -295 + -a?
-2a3
In base 6, what is 5 + 1032?
1041
In base 6, what is 2 + -230?
-224
In base 11, what is 9a - 5?
95
In base 13, what is 20 + 4?
24
In base 14, what is 107b - 4?
1077
In base 13, what is 3 + 6c?
72
In base 16, what is -37a + 4?
-376
In base 8, what is 10 + -105?
-75
In base 13, what is 1 - -389?
38a
In base 2, what is 1 - -1000110000?
1000110001
In base 13, what is 78 - -3?
7b
In base 6, what is 14132 + -1?
14131
In base 3, what is -1 + 102201?
102200
In base 5, what is 234 + -1?
233
In base 14, what is 219 - 8?
211
In base 9, what is -10778 - 5?
-10784
In base 3, what is 2 + -20211?
-20202
In base 10, what is -15668 + -1?
-15669
In base 5, what is -14 + -2?
-21
In base 3, what is 2 - 210000?
-202221
In base 7, what is -66 + -224?
-323
In base 6, what is -341 + -22?
-403
In base 8, what is 126 - -11?
137
In base 2, what is 110010 - 101001?
1001
In base 16, what is 3a + -146?
-10c
In base 3, what is 100 - 20220?
-20120
In base 2, what is -10110001 - -100?
-10101101
In base 8, what is 154 + 3?
157
In base 2, what is -10101 + 100100?
1111
In base 3, what is -11 - -111?
100
In base 8, what is 4 - 7503?
-7477
In base 10, what is 28 - -126?
154
In base 16, what is -7 - 1?
-8
In base 12, what is -5b + 1?
-5a
In base 8, what is 14765 - 3?
14762
In base 13, what is 44 + 23?
67
In base 9, what is -1 - -5586?
5585
In base 2, what is 100 - -1010010?
1010110
In base 3, what is 12 - -10120?
10202
In base 12, what is -1 - -38?
37
In base 15, what is -99 - 1?
-9a
In base 4, what is 312 - 2?
310
In base 4, what is 11 - 0?
11
In base 12, what is -5 - ab?
-b4
In base 6, what is 35 + 501?
540
In base 16, what is -22 - 7?
-29
In base 10, what is -8 - -9?
1
In base 16, what is 10 + c?
1c
In base 12, what is -114 - -5?
-10b
In base 7, what is 4 + -64?
-60
In base 11, what is -65 + 0?
-65
In base 8, what is 13 - 327?
-314
In base 12, what is -82 - -b?
-73
In base 14, what is 1 + -16a?
-169
In base 4, what is -121213 + 11?
-121202
In base 16, what is 7 + -15?
-e
In base 10, what is -3537 + -4?
-3541
In base 12, what is 28 + -4?
24
In base 10, what is 165 - -1?
166
In base 10, what is 3 - -50?
53
In base 2, what is 0 - 110111?
-110111
In base 4, what is -21 - 22131?
-22212
In base 7, what is -662 - 4?
-666
In base 2, what is -1111100010 + -10?
-1111100100
In base 6, what is -1 + -21200?
-21201
In base 13, what is 1 - -1?
2
In base 14, what is -bdd0 - 3?
-bdd3
In base 4, what is 33212 + -33?
33113
In base 14, what is 3 - -1c?
21
In base 6, what is -123 - -21?
-102
In base 15, what is -5 + 472?
46c
In base 5, what is 11 + 10402?
10413
In base 5, what is -110 - 1?
-111
In base 9, what is -5 - -1618?
1613
In base 6, what is -10 + 24012?
24002
In base 7, what is -24 + -20?
-44
In base 13, what is 4 + 117b?
1182
In base 8, what is -63 + 10?
-53
In base 7, what is -2 - -2454?
2452
In base 7, what is 14 + -24?
-10
In base 12, what is 697 + -2?
695
In base 16, what is -57 - 0?
-57
In base 5, what is -23 + -10?
-33
In base 10, what is 82 + 0?
82
In base 6, what is -3 + 201?
154
In base 5, what is 11 + 0?
11
In base 14, what is -2 - -5b?
59
In base 9, what is -135 + -31?
-166
In base 4, what is 122 - -3?
131
In base 15, what is 14 - -b?
20
In base 11, what is 1 + -45?
-44
In base 3, what is 0 - 10102?
-10102
In base 3, what is -100 + 1002?
202
In base 13, what is -2a8a - 5?
-2a92
In base 6, what is 5 - -10252?
10301
In base 13, what is 3 - -11b?
121
In base 12, what is 934 + 5?
939
In base 8, what is 3 + -44?
-41
In base 7, what is 22 + 12?
34
In base 4, what is 303121 - 10?
303111
In base 11, what is 1 - 6?
-5
In base 6, what is -550 - -1?
-545
In base 13, what is 5 - 2?
3
In base 4, what is -301 - 122?
-1023
In base 6, what is 5 - -12?
21
In base 12, what is 9 + -8?
1
In base 5, what is -1 + -421?
-422
In base 9, what is 826 - -5?
832
In base 6, what is 3 + 45?
52
In base 13, what is -407 + 2?
-405
In base 14, what is ca - 39?
91
In base 5, what is -1 - -411?
